{"id":699,"date":"2016-07-25T19:55:56","date_gmt":"2016-07-25T17:55:56","guid":{"rendered":"http:\/\/ekongkar.yoga\/?page_id=699"},"modified":"2024-10-18T10:16:40","modified_gmt":"2024-10-18T08:16:40","slug":"lhypophyse","status":"publish","type":"page","link":"https:\/\/ekongkar.yoga\/?page_id=699","title":{"rendered":"L\u2019hypophyse"},"content":{"rendered":"<p><span style=\"color: #8c282c;\"><span style=\"font-size: 18pt;\">L\u2019hypophyse<\/span><\/span><\/p>\n<p><strong><span style=\"color: #008080;\">L\u2019hypophyse ou glande pituitaire est une glande endocrine tr\u00e8s importante log\u00e9e \u00e0 la base du cerveau.<\/span><\/strong> Avec l&rsquo;hypothalamus elle forme un ensemble fonctionnel appel\u00e9 <a href=\"http:\/\/ekongkar.yoga\/?page_id=715\">complexe hypothalamo-hypophysaire<\/a>.<\/p>\n<p>L&rsquo;hypophyse s\u00e9cr\u00e8te au moins neuf hormones qui <strong><span style=\"color: #008080;\">g\u00e8rent une large gamme de fonctions<\/span><\/strong> corporelles et qui stimulent plusieurs autres glandes endocrines. Parmi ces diff\u00e9rentes hormones, nous pouvons citer :<\/p>\n<ul>\n<li>L\u2019hormone de croissance qui stimule la croissance et la division de la plupart des cellules de l\u2019organisme (os, muscles, etc).<\/li>\n<li>La corticotrophine qui favorise la lib\u00e9ration des <a href=\"http:\/\/ekongkar.yoga\/?page_id=707\">hormones surr\u00e9nales<\/a>.<\/li>\n<li>La thyr\u00e9otrophine qui stimule la production des <a href=\"http:\/\/ekongkar.yoga\/?page_id=705\">hormones thyro\u00efdiennes<\/a>.<\/li>\n<li>L\u2019hormone folliculostimulante et l\u2019hormone lut\u00e9inisante (gonadotrophines) qui r\u00e9gissent le fonctionnement des ovaires et des testicules, qui d\u00e9clenchent l\u2019ovulation, la production d\u2019\u0153strog\u00e8ne et la production de testost\u00e9rone.<\/li>\n<li>La prolactine qui stimule les contractions ut\u00e9rines, d\u00e9clenche le travail au moment de l&rsquo;accouchement ainsi que l\u2019\u00e9coulement du lait pour l\u2019allaitement.<\/li>\n<li>L\u2019ocytocine qui entraine les contractions ut\u00e9rines en phase de travail d&rsquo;accouchement.<\/li>\n<li>L\u2019hormone antidiur\u00e9tique qui stimule la r\u00e9absorption de l\u2019eau par les reins.<\/li>\n<\/ul>\n<p style=\"text-align: center;\">\n<span style=\"color: #800000;\"><strong>A lire \u00e9galement:<\/strong><\/span><br \/>\n<a href=\"http:\/\/ekongkar.yoga\/?page_id=696\">Les glandes endocrines<br \/>\n<\/a>L\u2019hypophyse\u00a0\/\u00a0<a href=\"http:\/\/ekongkar.yoga\/?page_id=701\">L\u2019\u00e9piphyse<\/a>\u00a0\/\u00a0<a href=\"http:\/\/ekongkar.yoga\/?page_id=705\">La thyro\u00efde et les parathyro\u00efdes<\/a>\u00a0 \/\u00a0<a href=\"http:\/\/ekongkar.yoga\/?page_id=707\">Les surr\u00e9nales<\/a>\u00a0\/\u00a0<a href=\"http:\/\/ekongkar.yoga\/?page_id=709\">Le pancr\u00e9as<\/a>\u00a0\/\u00a0<a href=\"http:\/\/ekongkar.yoga\/?page_id=711\">Le thymus<\/a>\u00a0\/\u00a0<a href=\"http:\/\/ekongkar.yoga\/?page_id=713\">Les gonades<\/a>\u00a0\/\u00a0<a href=\"http:\/\/ekongkar.yoga\/?page_id=715\">Complexe hypothalamo-hypophysaire<\/a><\/p>\n<p style=\"text-align: center;\"><a href=\"http:\/\/ekongkar.yoga\/?page_id=685\">Le syst\u00e8me endocrinien<\/a>\u00a0\/\u00a0<a href=\"http:\/\/ekongkar.yoga\/?page_id=689\">Le r\u00f4le des hormones<\/a> \/\u00a0<a href=\"http:\/\/ekongkar.yoga\/?page_id=718\">Perturbations du syst\u00e8me endocrinien<\/a>\u00a0\/\u00a0<a href=\"http:\/\/ekongkar.yoga\/?page_id=720\">Le Yoga et le syst\u00e8me endocrinien<\/a>\u00a0\/\u00a0<a href=\"http:\/\/ekongkar.yoga\/?page_id=722\">Corps \u00e9nerg\u00e9tique versus corps physique<\/a><\/p>\n<p style=\"text-align: center;\"><a href=\"http:\/\/ekongkar.yoga\/?page_id=725\">Yoga et corps physique<\/a><\/p>\n<hr \/>\n<p><span style=\"font-size: 24pt;\">En vid\u00e9os, sur la cha\u00eene YouTube <span style=\"text-decoration: underline; color: #008080;\"><a style=\"color: #008080; text-decoration: underline;\" href=\"https:\/\/www.youtube.com\/channel\/UC6JVXwM88DsvYA7kf4RxFSg\" target=\"_blank\" rel=\"noopener noreferrer\">Yoga Ekongkar<\/a><\/span>\u00a0:<\/span><\/p>\n<div class=\"mks_col \">\n<div class=\"mks_one_half \"><iframe loading=\"lazy\" style=\"border: none; overflow: hidden;\" src=\"https:\/\/www.facebook.com\/plugins\/video.php?href=https%3A%2F%2Fwww.facebook.com%2Fjeanpierre.rajindersingh%2Fvideos%2F1265427553592815%2F&amp;show_text=0&amp;width=560\" width=\"560\" height=\"238\" frameborder=\"0\" scrolling=\"no\" allowfullscreen=\"allowfullscreen\"><\/iframe><\/div>\n<div class=\"mks_one_half \"><iframe loading=\"lazy\" src=\"https:\/\/www.youtube.com\/embed\/Af_ka491iO4?rel=0&amp;showinfo=0\" width=\"560\" height=\"238\" frameborder=\"0\" allowfullscreen=\"allowfullscreen\"><\/iframe><\/div>\n<\/div>\n<div class=\"mks_col \">\n<div class=\"mks_one_half \"><iframe loading=\"lazy\" src=\"https:\/\/www.youtube.com\/embed\/LvTJ4IqUsKY?rel=0&amp;showinfo=0\" width=\"560\" height=\"238\" frameborder=\"0\" allowfullscreen=\"allowfullscreen\"><\/iframe><\/div>\n<div class=\"mks_one_half \"><iframe loading=\"lazy\" src=\"https:\/\/www.youtube.com\/embed\/ThhZ4d9b9Cw?rel=0&amp;showinfo=0\" width=\"560\" height=\"238\" frameborder=\"0\" allowfullscreen=\"allowfullscreen\"><\/iframe><\/div>\n<\/div>\n","protected":false},"excerpt":{"rendered":"<p>L\u2019hypophyse L\u2019hypophyse ou glande pituitaire est une glande endocrine tr\u00e8s importante log\u00e9e \u00e0 la base du cerveau. Avec l&rsquo;hypothalamus elle forme un ensemble fonctionnel appel\u00e9 complexe hypothalamo-hypophysaire. L&rsquo;hypophyse s\u00e9cr\u00e8te au moins neuf hormones qui g\u00e8rent une large gamme de fonctions corporelles et qui stimulent plusieurs autres glandes endocrines. Parmi ces&#8230;<\/p>\n<p> <a class=\"continue-reading-link\" href=\"https:\/\/ekongkar.yoga\/?page_id=699\"><span>Lire la suite&#8230;<\/span><i class=\"crycon-right-dir\"><\/i><\/a> <\/p>\n","protected":false},"author":1,"featured_media":803,"parent":696,"menu_order":0,"comment_status":"closed","ping_status":"closed","template":"","meta":{"footnotes":""},"class_list":["post-699","page","type-page","status-publish","has-post-thumbnail","hentry"],"_links":{"self":[{"href":"https:\/\/ekongkar.yoga\/index.php?rest_route=\/wp\/v2\/pages\/699","targetHints":{"allow":["GET"]}}],"collection":[{"href":"https:\/\/ekongkar.yoga\/index.php?rest_route=\/wp\/v2\/pages"}],"about":[{"href":"https:\/\/ekongkar.yoga\/index.php?rest_route=\/wp\/v2\/types\/page"}],"author":[{"embeddable":true,"href":"https:\/\/ekongkar.yoga\/index.php?rest_route=\/wp\/v2\/users\/1"}],"replies":[{"embeddable":true,"href":"https:\/\/ekongkar.yoga\/index.php?rest_route=%2Fwp%2Fv2%2Fcomments&post=699"}],"version-history":[{"count":2,"href":"https:\/\/ekongkar.yoga\/index.php?rest_route=\/wp\/v2\/pages\/699\/revisions"}],"predecessor-version":[{"id":38458,"href":"https:\/\/ekongkar.yoga\/index.php?rest_route=\/wp\/v2\/pages\/699\/revisions\/38458"}],"up":[{"embeddable":true,"href":"https:\/\/ekongkar.yoga\/index.php?rest_route=\/wp\/v2\/pages\/696"}],"wp:featuredmedia":[{"embeddable":true,"href":"https:\/\/ekongkar.yoga\/index.php?rest_route=\/wp\/v2\/media\/803"}],"wp:attachment":[{"href":"https:\/\/ekongkar.yoga\/index.php?rest_route=%2Fwp%2Fv2%2Fmedia&parent=699"}],"curies":[{"name":"wp","href":"https:\/\/api.w.org\/{rel}","templated":true}]}}