{"id":696,"date":"2016-07-26T19:51:46","date_gmt":"2016-07-26T17:51:46","guid":{"rendered":"http:\/\/ekongkar.yoga\/?page_id=696"},"modified":"2024-10-18T10:15:53","modified_gmt":"2024-10-18T08:15:53","slug":"les-glandes-endocrines","status":"publish","type":"page","link":"https:\/\/ekongkar.yoga\/?page_id=696","title":{"rendered":"Les glandes endocrines"},"content":{"rendered":"<p><span style=\"color: #8c282c;\"><span style=\"font-size: 18pt;\">Les glandes endocrines<\/span><\/span><\/p>\n<p>Les glandes strictement endocrines sont l\u2019<a href=\"http:\/\/ekongkar.yoga\/?page_id=699\">hypophyse<\/a> (ou glande pituitaire), l\u2019<a href=\"http:\/\/ekongkar.yoga\/?page_id=701\">\u00e9piphyse<\/a> (ou glande pin\u00e9ale), la <a href=\"http:\/\/ekongkar.yoga\/?page_id=705\">thyro\u00efde<\/a>, les <a href=\"http:\/\/ekongkar.yoga\/?page_id=705\">parathyro\u00efdes<\/a>, le <a href=\"http:\/\/ekongkar.yoga\/?page_id=711\">thymus<\/a> et les <a href=\"http:\/\/ekongkar.yoga\/?page_id=707\">surr\u00e9nales<\/a>.<\/p>\n<p>Certains organes renferment du tissu endocrinien, qui leur permet de jouer un r\u00f4le mixte, ils d\u00e9versent des hormones dans la circulation sanguine, et par ailleurs, s\u00e9cr\u00e8tent d&rsquo;autres substances non-hormonales. Ces organes sont le <a href=\"http:\/\/ekongkar.yoga\/?page_id=709\">pancr\u00e9as<\/a>, les <a href=\"http:\/\/ekongkar.yoga\/?page_id=713\">gonades (ovaires et testicules)<\/a>, le rein et l\u2019hypothalamus, qui fait partie int\u00e9grante du syst\u00e8me nerveux mais s\u00e9cr\u00e8te aussi des hormones (<a href=\"http:\/\/ekongkar.yoga\/?page_id=715\">complexe hypothalamo-hypophysaire<\/a>).<\/p>\n<p>De petits regroupements de cellules endocrines se retrouvent encore dans d&rsquo;autres organes qui vont s\u00e9cr\u00e9ter des hormones. Par exemple, les cellules de la paroi de l\u2019intestin ou le placenta.<\/p>\n<p style=\"text-align: center;\"><span style=\"color: #800000;\"><strong>A lire \u00e9galement:<\/strong><\/span><br \/>\n<a href=\"http:\/\/ekongkar.yoga\/?page_id=685\">Le syst\u00e8me endocrinien (hormonal)<\/a>\u00a0\/ <a href=\"http:\/\/ekongkar.yoga\/?page_id=689\">Le r\u00f4le des hormones<\/a>\u00a0\/\u00a0Les glandes endocrines\u00a0\/\u00a0<a href=\"http:\/\/ekongkar.yoga\/?page_id=715\">Complexe hypothalamo-hypophysaire<\/a>\u00a0\/\u00a0<a href=\"http:\/\/ekongkar.yoga\/?page_id=718\">Perturbations du syst\u00e8me endocrinien<\/a>\u00a0\/\u00a0<a href=\"http:\/\/ekongkar.yoga\/?page_id=720\">Le Yoga et le syst\u00e8me endocrinien<\/a>\u00a0\/\u00a0<a href=\"http:\/\/ekongkar.yoga\/?page_id=722\">Corps \u00e9nerg\u00e9tique versus corps physique<\/a><\/p>\n<hr \/>\n<p><span style=\"font-size: 24pt;\">En vid\u00e9os, sur la cha\u00eene YouTube <span style=\"text-decoration: underline; color: #008080;\"><a style=\"color: #008080; text-decoration: underline;\" href=\"https:\/\/www.youtube.com\/channel\/UC6JVXwM88DsvYA7kf4RxFSg\" target=\"_blank\" rel=\"noopener noreferrer\">Yoga Ekongkar<\/a><\/span>\u00a0:<\/span><\/p>\n<div class=\"mks_col \">\n<div class=\"mks_one_half \"><iframe loading=\"lazy\" style=\"border: none; overflow: hidden;\" src=\"https:\/\/www.facebook.com\/plugins\/video.php?href=https%3A%2F%2Fwww.facebook.com%2Fjeanpierre.rajindersingh%2Fvideos%2F1265427553592815%2F&amp;show_text=0&amp;width=560\" width=\"560\" height=\"238\" frameborder=\"0\" scrolling=\"no\" allowfullscreen=\"allowfullscreen\"><\/iframe><\/div>\n<div class=\"mks_one_half \"><iframe loading=\"lazy\" src=\"https:\/\/www.youtube.com\/embed\/Af_ka491iO4?rel=0&amp;showinfo=0\" width=\"560\" height=\"238\" frameborder=\"0\" allowfullscreen=\"allowfullscreen\"><\/iframe><\/div>\n<\/div>\n<div class=\"mks_col \">\n<div class=\"mks_one_half \"><iframe loading=\"lazy\" src=\"https:\/\/www.youtube.com\/embed\/LvTJ4IqUsKY?rel=0&amp;showinfo=0\" width=\"560\" height=\"238\" frameborder=\"0\" allowfullscreen=\"allowfullscreen\"><\/iframe><\/div>\n<div class=\"mks_one_half \"><iframe loading=\"lazy\" src=\"https:\/\/www.youtube.com\/embed\/ThhZ4d9b9Cw?rel=0&amp;showinfo=0\" width=\"560\" height=\"238\" frameborder=\"0\" allowfullscreen=\"allowfullscreen\"><\/iframe><\/div>\n<\/div>\n","protected":false},"excerpt":{"rendered":"<p>Les glandes endocrines Les glandes strictement endocrines sont l\u2019hypophyse (ou glande pituitaire), l\u2019\u00e9piphyse (ou glande pin\u00e9ale), la thyro\u00efde, les parathyro\u00efdes, le thymus et les surr\u00e9nales. Certains organes renferment du tissu endocrinien, qui leur permet de jouer un r\u00f4le mixte, ils d\u00e9versent des hormones dans la circulation sanguine, et par ailleurs,&#8230;<\/p>\n<p> <a class=\"continue-reading-link\" href=\"https:\/\/ekongkar.yoga\/?page_id=696\"><span>Lire la suite&#8230;<\/span><i class=\"crycon-right-dir\"><\/i><\/a> <\/p>\n","protected":false},"author":1,"featured_media":0,"parent":685,"menu_order":1,"comment_status":"closed","ping_status":"closed","template":"","meta":{"footnotes":""},"class_list":["post-696","page","type-page","status-publish","hentry"],"_links":{"self":[{"href":"https:\/\/ekongkar.yoga\/index.php?rest_route=\/wp\/v2\/pages\/696","targetHints":{"allow":["GET"]}}],"collection":[{"href":"https:\/\/ekongkar.yoga\/index.php?rest_route=\/wp\/v2\/pages"}],"about":[{"href":"https:\/\/ekongkar.yoga\/index.php?rest_route=\/wp\/v2\/types\/page"}],"author":[{"embeddable":true,"href":"https:\/\/ekongkar.yoga\/index.php?rest_route=\/wp\/v2\/users\/1"}],"replies":[{"embeddable":true,"href":"https:\/\/ekongkar.yoga\/index.php?rest_route=%2Fwp%2Fv2%2Fcomments&post=696"}],"version-history":[{"count":2,"href":"https:\/\/ekongkar.yoga\/index.php?rest_route=\/wp\/v2\/pages\/696\/revisions"}],"predecessor-version":[{"id":38456,"href":"https:\/\/ekongkar.yoga\/index.php?rest_route=\/wp\/v2\/pages\/696\/revisions\/38456"}],"up":[{"embeddable":true,"href":"https:\/\/ekongkar.yoga\/index.php?rest_route=\/wp\/v2\/pages\/685"}],"wp:attachment":[{"href":"https:\/\/ekongkar.yoga\/index.php?rest_route=%2Fwp%2Fv2%2Fmedia&parent=696"}],"curies":[{"name":"wp","href":"https:\/\/api.w.org\/{rel}","templated":true}]}}