{"id":280,"date":"2016-04-17T17:56:40","date_gmt":"2016-04-17T15:56:40","guid":{"rendered":"http:\/\/ekongkar.yoga\/?page_id=280"},"modified":"2016-04-17T17:56:40","modified_gmt":"2016-04-17T15:56:40","slug":"que-sont-les-eres","status":"publish","type":"page","link":"https:\/\/ekongkar.yoga\/?page_id=280","title":{"rendered":"Que sont les \u00e8res ?"},"content":{"rendered":"<p><span style=\"color: #8c282c;\"><span style=\"font-size: 18pt;\">Un peu d\u2019astronomie et d\u2019astrologie : que sont les \u00e8res ? <\/span><\/span><\/p>\n<p><img loading=\"lazy\" decoding=\"async\" class=\"alignleft\" src=\"http:\/\/ekongkar.yoga\/wp-content\/uploads\/2016\/05\/Un-peu-dastronomie-et-dastrologie-que-sont-les-eres.jpg\" alt=\"\" width=\"350\" height=\"228\">Les anciens avaient d\u00e9couvert la pr\u00e9cession des \u00e9quinoxes: le soleil se d\u00e9place parmi les 12 constellations du zodiaque. Ce changement s\u2019effectue tr\u00e8s lentement, nous vivons un changement d\u2019\u00e8re tous les 2000 ans environ. Selon plusieurs enseignements, chacune de ces \u00e8res semble marquer une trame discr\u00e8te, sous-jacente aux grandes civilisations, et <strong><span style=\"color: #008080;\">les passages d&rsquo;une \u00e8re \u00e0 l&rsquo;autre sont des moments cl\u00e9s<\/span><\/strong> caract\u00e9ris\u00e9s par des turbulences et des changements radicaux.<\/p>\n<p><strong><span style=\"color: #008080;\">En ce moment a lieu la transition du signe du Poisson vers le signe du Verseau.<\/span><\/strong> Il s&rsquo;agit d&rsquo;une transition entre des repr\u00e9sentations du monde, des sensibilit\u00e9s, des valeurs, des mani\u00e8res de penser et de vivre diff\u00e9rentes, on passe d&rsquo;un paradigme \u00e0 un autre. C\u2019est un nouveau monde qui \u00e9merge.<\/p>\n<p style=\"text-align: center;\"><span style=\"color: #008080;\"><strong><span style=\"color: #800000;\">A lire \u00e9galement:<\/span><br \/>\n<\/strong><\/span>Un peu d\u2019astronomie et d\u2019astrologie : que sont les \u00e8res ?&nbsp;&#8211;&nbsp;<a href=\"http:\/\/ekongkar.yoga\/?page_id=282\">La transition du Poisson au Verseau<\/a>&nbsp;&#8211; <a href=\"http:\/\/ekongkar.yoga\/?page_id=284\">Le syst\u00e8me auto-sensoriel<\/a>&nbsp;&#8211;&nbsp;<a href=\"http:\/\/ekongkar.yoga\/?page_id=286\">Le Kundalini Yoga pour d\u00e9velopper l\u2019\u00e9nergie int\u00e9rieure<\/a><\/p>\n<p style=\"text-align: center;\">\n<hr>\n<p><span style=\"font-size: 24pt;\">En vid\u00e9os, sur la cha\u00eene YouTube <span style=\"text-decoration: underline; color: #008080;\"><a style=\"color: #008080; text-decoration: underline;\" href=\"https:\/\/www.youtube.com\/channel\/UC6JVXwM88DsvYA7kf4RxFSg\" target=\"_blank\" rel=\"noopener noreferrer\">Yoga Ekongkar<\/a><\/span><\/p>\n<div class=\"mks_col \">\n<div class=\"mks_one_half \"><iframe loading=\"lazy\" width=\"560\" height=\"238\" src=\"https:\/\/www.youtube.com\/embed\/suTuQPMTy5Y?rel=0&amp;showinfo=0\" frameborder=\"0\" allow=\"autoplay; encrypted-media\" allowfullscreen><\/iframe><\/iframe><\/div>\n<div class=\"mks_one_half \"><iframe loading=\"lazy\" width=\"560\" height=\"238\" src=\"https:\/\/www.youtube.com\/embed\/GMynhsrZ3LI?rel=0&amp;showinfo=0\" frameborder=\"0\" allow=\"autoplay; encrypted-media\" allowfullscreen><\/iframe><\/div>\n<\/div>\n","protected":false},"excerpt":{"rendered":"<p>Un peu d\u2019astronomie et d\u2019astrologie : que sont les \u00e8res ? Les anciens avaient d\u00e9couvert la pr\u00e9cession des \u00e9quinoxes: le soleil se d\u00e9place parmi les 12 constellations du zodiaque. Ce changement s\u2019effectue tr\u00e8s lentement, nous vivons un changement d\u2019\u00e8re tous les 2000 ans environ. Selon plusieurs enseignements, chacune de ces&#8230;<\/p>\n<p> <a class=\"continue-reading-link\" href=\"https:\/\/ekongkar.yoga\/?page_id=280\"><span>Lire la suite&#8230;<\/span><i class=\"crycon-right-dir\"><\/i><\/a> <\/p>\n","protected":false},"author":1,"featured_media":0,"parent":278,"menu_order":0,"comment_status":"closed","ping_status":"closed","template":"","meta":{"footnotes":""},"class_list":["post-280","page","type-page","status-publish","hentry"],"_links":{"self":[{"href":"https:\/\/ekongkar.yoga\/index.php?rest_route=\/wp\/v2\/pages\/280","targetHints":{"allow":["GET"]}}],"collection":[{"href":"https:\/\/ekongkar.yoga\/index.php?rest_route=\/wp\/v2\/pages"}],"about":[{"href":"https:\/\/ekongkar.yoga\/index.php?rest_route=\/wp\/v2\/types\/page"}],"author":[{"embeddable":true,"href":"https:\/\/ekongkar.yoga\/index.php?rest_route=\/wp\/v2\/users\/1"}],"replies":[{"embeddable":true,"href":"https:\/\/ekongkar.yoga\/index.php?rest_route=%2Fwp%2Fv2%2Fcomments&post=280"}],"version-history":[{"count":0,"href":"https:\/\/ekongkar.yoga\/index.php?rest_route=\/wp\/v2\/pages\/280\/revisions"}],"up":[{"embeddable":true,"href":"https:\/\/ekongkar.yoga\/index.php?rest_route=\/wp\/v2\/pages\/278"}],"wp:attachment":[{"href":"https:\/\/ekongkar.yoga\/index.php?rest_route=%2Fwp%2Fv2%2Fmedia&parent=280"}],"curies":[{"name":"wp","href":"https:\/\/api.w.org\/{rel}","templated":true}]}}