{"id":1891,"date":"2016-07-30T18:49:20","date_gmt":"2016-07-30T16:49:20","guid":{"rendered":"http:\/\/ekongkar.yoga\/?page_id=1891"},"modified":"2016-07-30T18:49:20","modified_gmt":"2016-07-30T16:49:20","slug":"humanologie-livre","status":"publish","type":"page","link":"https:\/\/ekongkar.yoga\/?page_id=1891","title":{"rendered":"Enseignements traditionnels pour la naissance d&rsquo;un \u00e2ge nouveau"},"content":{"rendered":"<p><span style=\"color: #8c282c;\"><span style=\"font-size: 18pt;\"><img decoding=\"async\" class=\"alignleft\" src=\"http:\/\/ekongkar.yoga\/wp-content\/uploads\/2020\/02\/Humanologie-Bretagne-e1469638937217.jpg\">L&rsquo;humanologie &#8211; Enseignements traditionnels pour la naissance d&rsquo;un \u00e2ge nouveau<\/span><\/span><\/p>\n<p>L\u2019humanologie traite de l&rsquo;<strong><span style=\"color: #008080;\">art de vivre yogique<\/span><\/strong>&nbsp;dans l&rsquo;optique du Kundalini Yoga. <strong><span style=\"color: #800000;\">Pour en savoir plus &gt;<\/span> <a href=\"http:\/\/ekongkar.yoga\/?page_id=1890\">Humanologie<\/a><\/strong>.<\/p>\n<p>A propos de la diffusion de cette science de l&rsquo;humanologie: \u00ab <em>Je veux vous donner ce cadeau de Dieu, cette science que je porte dans mes entrailles depuis des ann\u00e9es, afin qu&rsquo;apr\u00e8s ma mort elle ne soit pas compl\u00e8tement perdue. Je veux la partager avec vous&#8230; Je veux vous la donner et que vous la donniez \u00e0 vos enfants, pour que cette chose qui n&rsquo;a pas de prix et que nous poss\u00e9dons, se perp\u00e9tue \u00e0 travers de nombreuses g\u00e9n\u00e9rations.<\/em> \u00bb (YB)<\/p>\n<p>Cette citation se retrouve en pr\u00e9face du <strong><span style=\"color: #008080;\">livre HUMANOLOGIE<\/span><\/strong> (enseignements traditionnels pour la naissance d&rsquo;un \u00e2ge nouveau), sur l\u2019art de vivre tant r\u00e9put\u00e9 des Sikhs de l\u2019Inde. Il rassemble une importante somme de conseils pratiques et de nombreuses recettes et m\u00e9thodes de gu\u00e9rison.<\/p>\n<p><strong><span style=\"color: #800000;\">Table des Mati\u00e8res:<\/span><\/strong><\/p>\n<ul>\n<li><strong><span style=\"color: #008080;\">Famille<\/span><\/strong>: l&rsquo;homme, la femme, les enfants, la sexualit\u00e9, les aliments, des rem\u00e8des ayurv\u00e9diques sp\u00e9ciaux&#8230;<\/li>\n<li><strong><span style=\"color: #008080;\">Organes et syst\u00e8mes<\/span><\/strong>: l&rsquo;aura, le syst\u00e8me circulatoire, le sang, le c\u0153ur, le syst\u00e8me digestif&#8230; les cheveux, les yeux, le syst\u00e8me nerveux, le syst\u00e8me reproducteur f\u00e9minin, le syst\u00e8me urinaire&#8230;<\/li>\n<li><strong><span style=\"color: #008080;\">Pr\u00e9venir et corriger<\/span><\/strong>: les choses \u00e0 faire chaque jour, la purification, la d\u00e9sintoxication, les r\u00eaves, la relaxation&#8230;<\/li>\n<li><strong><span style=\"color: #008080;\">Divers<\/span><\/strong>: les prot\u00e9ines, les habitudes alimentaires, la foi, les aliments ferment\u00e9s&#8230;<\/li>\n<li>En appendice, des exercices de yoga et des m\u00e9ditations, et encore d&rsquo;autres recettes,&#8230;<\/li>\n<\/ul>\n<p><strong><span style=\"color: #800000;\">Quelques extraits :<\/span><\/strong><\/p>\n<p style=\"padding-left: 30px;\">Premi\u00e8re partie &#8211; La famille, en ce qui concerne <strong><span style=\"color: #008080;\">la<\/span> <span style=\"color: #008080;\">m\u00e9nopause<\/span> <\/strong>: \u00ab <em>Il est \u00e9tonnant de voir des femmes traverser leur m\u00e9nopause \u00e0 36 ans. Normalement une femme ne devrait pas avoir de m\u00e9nopause avant 54 ans (3 cycles de la vie : 18X3=54). Apr\u00e8s 54 ans, gr\u00e2ce \u00e0 l\u2019exercice physique, un emploi du temps et une nourriture corrects, elle doit surmonter cela jusqu\u2019\u00e0 la mort\u2026 elle peut apr\u00e8s cet \u00e2ge surmonter tous les probl\u00e8mes mentaux et physiques provenant d\u2019une perte d\u2019\u0153strog\u00e8ne, par l\u2019utilisation de la vitamine E, de la chlorophylle et des huiles v\u00e9g\u00e9tales\u2026<\/em> \u00bb (p.34)<\/p>\n<p style=\"padding-left: 30px;\">Deuxi\u00e8me partie &#8211; Les organes et les syst\u00e8mes, en ce qui concerne <strong><span style=\"color: #008080;\">le<\/span> <span style=\"color: #008080;\">syst\u00e8me digestif et le colon<\/span><\/strong> en particulier : \u00ab <em>Temps d\u2019\u00e9limination \u2013 Pour un homme, un temps d\u2019\u00e9limination de 24h (le temps que met le bol alimentaire \u00e0 ressortir du corps) est normal. Pour une femme, c\u2019est trop long. Elle doit \u00e9liminer en 18h, autrement sa structure va commencer \u00e0 lui causer pas mal de probl\u00e8mes menstruels. Beaucoup de ces probl\u00e8mes viennent de la constipation. Pour un homme, la constipation entra\u00eene 3 probl\u00e8mes seulement ; premi\u00e8rement\u2026<\/em> \u00bb (p.63)<\/p>\n<p style=\"padding-left: 30px;\">Deuxi\u00e8me partie &#8211; Les organes et les syst\u00e8mes, en ce qui concerne <strong><span style=\"color: #008080;\">les yeux<\/span> <\/strong>: \u00ab <em>Routine matinale \u2013 Une des premi\u00e8res choses \u00e0 faire en se levant le matin est de s\u2019asperger les yeux d\u2019eau froide, les yeux ouverts ; vous leur \u00e9viterez ainsi bien des maladies\u2026<\/em> \u00bb (p.75)<\/p>\n<p style=\"padding-left: 30px;\">Troisi\u00e8me partie &#8211; Pr\u00e9venir et corriger, \u00e0 propos de <strong><span style=\"color: #008080;\">la douche froide<\/span><\/strong> : \u00ab <em>La douche froide transporte le sang jusqu\u2019aux capillaires, nettoie le syst\u00e8me circulatoire et r\u00e9duit la pression sanguine dans les organes internes. Elle agit comme un fouet sur les organes internes, leur apportant un nouvel approvisionnement en sang. Elle fortifie les syst\u00e8mes sympathique et parasympathique et aide \u00e0 contracter les muscles afin d\u2019\u00e9liminer les toxines rapidement. Elle apporte aussi le pouvoir de r\u00e9sistance au corps\u2026<\/em> \u00bb (p.90)<\/p>\n<p style=\"padding-left: 30px;\">Quatri\u00e8me partie \u2013 Divers, \u00e0 propos du fait de <strong><span style=\"color: #008080;\">cuisiner<\/span> <\/strong>: \u00ab <em>Pr\u00e9parer un plat est une chose, mais le manger consciemment en est tout \u00e0 fait une autre. Le moment auquel vous mangez, la fa\u00e7on dont vous mangez, l\u2019endroit o\u00f9 vous mangez, tout cela a une influence directe et indirecte sur vous, votre esprit, votre corps et votre \u00e9veil spirituel\u2026<\/em> \u00bb (p.116)<\/p>\n<p style=\"text-align: center;\"><strong><span style=\"color: #800000;\">A lire \u00e9galement:<\/span><\/strong><a href=\"http:\/\/ekongkar.yoga\/?page_id=1894\"><br \/>\nAyurv\u00e9da<\/a>&nbsp;\/&nbsp;<a href=\"http:\/\/ekongkar.yoga\/?page_id=1896\">Nourriture adapt\u00e9e<\/a>&nbsp;\/ <a href=\"http:\/\/ekongkar.yoga\/?page_id=1898\">Nourriture de qualit\u00e9<\/a>&nbsp;\/&nbsp;<a href=\"http:\/\/ekongkar.yoga\/?page_id=1899\">S&rsquo;abstenir de viande<\/a>&nbsp;\/&nbsp;<a href=\"http:\/\/ekongkar.yoga\/?page_id=2009\">Avantages du&nbsp;v\u00e9g\u00e9tarisme<\/a>&nbsp;\/&nbsp;<a href=\"http:\/\/ekongkar.yoga\/?page_id=1900\">Recettes<\/a>&nbsp;\/&nbsp;<a href=\"http:\/\/ekongkar.yoga\/?page_id=1892\">Hygi\u00e8ne yogique<\/a>&nbsp;\/&nbsp;<a href=\"http:\/\/ekongkar.yoga\/?page_id=1890\">Humanologie<\/a>&nbsp;\/&nbsp;<a href=\"http:\/\/ekongkar.yoga\/?page_id=1934\">Douche froide<\/a>&nbsp;\/&nbsp;<a href=\"http:\/\/ekongkar.yoga\/?page_id=1935\">Sadhana<\/a>&nbsp;\/&nbsp;<a href=\"http:\/\/ekongkar.yoga\/?page_id=1936\">Manger consciemment<\/a><\/p>\n<hr>\n<p><span style=\"font-size: 24pt;\">En vid\u00e9os, sur la cha\u00eene YouTube <span style=\"text-decoration: underline; color: #008080;\"><a style=\"color: #008080; text-decoration: underline;\" href=\"https:\/\/www.youtube.com\/channel\/UC6JVXwM88DsvYA7kf4RxFSg\" target=\"_blank\" rel=\"noopener noreferrer\">Yoga Ekongkar<\/a><\/span>&nbsp;:<\/span><\/p>\n<div class=\"mks_col \">\n<div class=\"mks_one_half \"><iframe loading=\"lazy\" src=\"https:\/\/www.youtube.com\/embed\/ZCm0G__P_hI?rel=0&amp;showinfo=0\" width=\"560\" height=\"238\" frameborder=\"0\" allowfullscreen=\"allowfullscreen\"><\/iframe><\/div>\n<div class=\"mks_one_half \"><iframe loading=\"lazy\" src=\"https:\/\/www.youtube.com\/embed\/VGc3N1o0_zg?rel=0&amp;showinfo=0\" width=\"560\" height=\"238\" frameborder=\"0\" allowfullscreen=\"allowfullscreen\"><\/iframe><\/div>\n<\/div>\n<div class=\"mks_col \">\n<div class=\"mks_one_half \"><iframe loading=\"lazy\" src=\"https:\/\/www.youtube.com\/embed\/Y34_ruRs5CM?rel=0&amp;showinfo=0\" width=\"560\" height=\"238\" frameborder=\"0\" allowfullscreen=\"allowfullscreen\"><\/iframe><\/div>\n<div class=\"mks_one_half \"><iframe loading=\"lazy\" src=\"https:\/\/www.youtube.com\/embed\/9veGRMbCBCw?rel=0&amp;showinfo=0\" width=\"560\" height=\"238\" frameborder=\"0\" allowfullscreen=\"allowfullscreen\"><\/iframe><\/div>\n<\/div>\n","protected":false},"excerpt":{"rendered":"<p>L&rsquo;humanologie &#8211; Enseignements traditionnels pour la naissance d&rsquo;un \u00e2ge nouveau L\u2019humanologie traite de l&rsquo;art de vivre yogique&nbsp;dans l&rsquo;optique du Kundalini Yoga. Pour en savoir plus &gt; Humanologie. A propos de la diffusion de cette science de l&rsquo;humanologie: \u00ab Je veux vous donner ce cadeau de Dieu, cette science que je&#8230;<\/p>\n<p> <a class=\"continue-reading-link\" href=\"https:\/\/ekongkar.yoga\/?page_id=1891\"><span>Lire la suite&#8230;<\/span><i class=\"crycon-right-dir\"><\/i><\/a> <\/p>\n","protected":false},"author":1,"featured_media":0,"parent":1890,"menu_order":0,"comment_status":"closed","ping_status":"closed","template":"","meta":{"footnotes":""},"class_list":["post-1891","page","type-page","status-publish","hentry"],"_links":{"self":[{"href":"https:\/\/ekongkar.yoga\/index.php?rest_route=\/wp\/v2\/pages\/1891","targetHints":{"allow":["GET"]}}],"collection":[{"href":"https:\/\/ekongkar.yoga\/index.php?rest_route=\/wp\/v2\/pages"}],"about":[{"href":"https:\/\/ekongkar.yoga\/index.php?rest_route=\/wp\/v2\/types\/page"}],"author":[{"embeddable":true,"href":"https:\/\/ekongkar.yoga\/index.php?rest_route=\/wp\/v2\/users\/1"}],"replies":[{"embeddable":true,"href":"https:\/\/ekongkar.yoga\/index.php?rest_route=%2Fwp%2Fv2%2Fcomments&post=1891"}],"version-history":[{"count":0,"href":"https:\/\/ekongkar.yoga\/index.php?rest_route=\/wp\/v2\/pages\/1891\/revisions"}],"up":[{"embeddable":true,"href":"https:\/\/ekongkar.yoga\/index.php?rest_route=\/wp\/v2\/pages\/1890"}],"wp:attachment":[{"href":"https:\/\/ekongkar.yoga\/index.php?rest_route=%2Fwp%2Fv2%2Fmedia&parent=1891"}],"curies":[{"name":"wp","href":"https:\/\/api.w.org\/{rel}","templated":true}]}}