{"id":1867,"date":"2016-04-24T06:36:52","date_gmt":"2016-04-24T04:36:52","guid":{"rendered":"http:\/\/ekongkar.yoga\/?page_id=1867"},"modified":"2016-04-24T06:36:52","modified_gmt":"2016-04-24T04:36:52","slug":"les-corps-mentaux","status":"publish","type":"page","link":"https:\/\/ekongkar.yoga\/?page_id=1867","title":{"rendered":"Les trois corps mentaux"},"content":{"rendered":"<p><span style=\"color: #8c282c;\"><span style=\"font-size: 18pt;\">Les trois&nbsp;corps mentaux<\/span><\/span><\/p>\n<p><img loading=\"lazy\" decoding=\"async\" class=\"alignleft\" src=\"http:\/\/ekongkar.yoga\/wp-content\/uploads\/2016\/07\/Corps-mentaux-Kundalini-Yoga-Bretagne-e1469467086675.jpg\" alt=\"\" width=\"350\" height=\"263\">La psychologie et la psychanalyse occidentales d\u00e9finissent diff\u00e9rents degr\u00e9s dans le champ de la conscience: le conscient, le subconscient, le pr\u00e9conscient, l\u2019inconscient, le moi, le surmoi, etc<\/p>\n<p>Dans le Kundalini Yoga, on&nbsp;d\u00e9cline le mental en trois aspects: n\u00e9gatif, positif et neutre. <strong><span style=\"color: #008080;\">Trois facettes du courant mental<\/span><\/strong> qui, dans une certaine mesure recoupent les diff\u00e9rentes instances psychiques d\u00e9finies en psychologie.<\/p>\n<p>L&rsquo;adjectif \u00ab n\u00e9gatif \u00bb ne doit pas \u00eatre compris dans un sens p\u00e9joratif, le mental n\u00e9gatif n&rsquo;est pas forc\u00e9ment un probl\u00e8me. Tout comme le mot \u00ab positif \u00bb n&rsquo;indique pas que ce mental est n\u00e9cessairement un allier ou qu&rsquo;il est plus m\u00e9ritoire que les autres.<\/p>\n<p>Les trois aspects du mental doivent <strong><span style=\"color: #008080;\">trouver un \u00e9quilibre r\u00e9ciproque<\/span><\/strong>. Le mental n\u00e9gatif est protecteur, le positif est expansif et le neutre poss\u00e8de les vertus m\u00e9ditatives.<\/p>\n<p style=\"padding-left: 30px;\"><strong><span style=\"color: #800000;\"><img loading=\"lazy\" decoding=\"async\" class=\"alignleft\" src=\"http:\/\/ekongkar.yoga\/wp-content\/uploads\/2016\/07\/Corps-mentaux-Kundalini-Bretagne-1-e1469509165396.jpg\" alt=\"\" width=\"200\" height=\"257\">Le mental n\u00e9gatif<\/span><\/strong> instille la <strong><span style=\"color: #008080;\">prudence<\/span> <\/strong>dans les choix, le sens de la <strong><span style=\"color: #008080;\">r\u00e9serve<\/span> <\/strong>et des convenances. Il est <strong><span style=\"color: #008080;\">rapide<\/span><\/strong>, automatique, c&rsquo;est un outil essentiel de survie. C&rsquo;est \u00e9galement en lui que na\u00eet le d\u00e9sir d&rsquo;appartenance qui, dans sa plus noble expression, connecte l&rsquo;individu \u00e0 sa v\u00e9ritable nature, \u00e0 son propre Soi divin.<\/p>\n<p style=\"padding-left: 30px;\">Le mental n\u00e9gatif s&rsquo;apparente avec ce que l&rsquo;on qualifie de <strong><span style=\"color: #008080;\">subconscient<\/span><\/strong>. En ce sens, il contient le p\u00f4le pulsionnel de la personnalit\u00e9. Il comporte \u00e9galement les processus qui, par les m\u00e9canismes de <strong><span style=\"color: #008080;\">refoulement<\/span><\/strong>, sont maintenus hors de la conscience. Il m\u00e9rite ainsi d&rsquo;\u00eatre nettoy\u00e9 de tous ces restes de nos activit\u00e9s sensorielles et psychiques qui se transforment potentiellement en obstacles et restrictions.<\/p>\n<p style=\"padding-left: 30px;\"><strong><span style=\"color: #008080;\">Pour son \u00e9quilibre, des cl\u00e9s sont propos\u00e9es :<\/span> <\/strong>d\u00e9velopper la discipline, d\u00e9velopper des relations honn\u00eates et d\u00e9sint\u00e9ress\u00e9es. R\u00e9freiner l&rsquo;autocritique et apaiser le besoin de s\u00e9curit\u00e9 qui limite le champ des possibles et la libert\u00e9 d&rsquo;action.<\/p>\n<p style=\"padding-left: 30px;\"><strong><span style=\"color: #800000;\"><img loading=\"lazy\" decoding=\"async\" class=\"alignleft\" src=\"http:\/\/ekongkar.yoga\/wp-content\/uploads\/2016\/07\/Corps-mentaux-Kundalini-Bretagne-e1469509187497.jpg\" alt=\"\" width=\"200\" height=\"265\">Le mental positif<\/span><\/strong> vous fait avancer et <strong><span style=\"color: #008080;\">prendre des d\u00e9cisions<\/span><\/strong>. Il est enjou\u00e9, optimiste, joueur et un tantinet insouciant. Il voit et se nourrit de l&rsquo;essence positive de toutes les situations et <strong><span style=\"color: #008080;\">s&rsquo;ouvre au \u00ab champ des possibles \u00bb<\/span><\/strong>, il se projette vers l&rsquo;avant et est expansif.<\/p>\n<p style=\"padding-left: 30px;\">Ce mental doit \u00eatre \u00e9duqu\u00e9 afin d&rsquo;<strong><span style=\"color: #008080;\">\u00e9tablir des limites<\/span><\/strong> et des gardes fous. Quant sa curiosit\u00e9 naturelle s\u2019associe \u00e0 son ignorance des dangers, des mesures de s\u00e9curit\u00e9 s&rsquo;imposent. A l&rsquo;inverse, s&rsquo;il est faible, il contrebalance avec difficult\u00e9 le mental n\u00e9gatif qui d\u00e9verse le poison paralysant de la peur.<\/p>\n<p style=\"padding-left: 30px;\"><strong><span style=\"color: #008080;\">Pour son \u00e9quilibre<\/span><\/strong> (surtout pour le renforcer), <strong><span style=\"color: #008080;\">des cl\u00e9s sont propos\u00e9es<\/span><\/strong> : augmenter la confiance en soi et am\u00e9liorer l&rsquo;estime de soi.<\/p>\n<p style=\"padding-left: 30px;\"><strong><span style=\"color: #800000;\"><img loading=\"lazy\" decoding=\"async\" class=\"alignleft\" src=\"http:\/\/ekongkar.yoga\/wp-content\/uploads\/2016\/07\/Mental-meditatif-Kundalini-Bretagne-e1469509326296.jpg\" alt=\"\" width=\"250\" height=\"188\">Le mental neutre<\/span><\/strong> observe les deux autres. Il est entre les polarit\u00e9s du mental n\u00e9gatif et positif, tous deux dans une conversation rarement interrompue.<\/p>\n<p style=\"padding-left: 30px;\">Le mental neutre c&rsquo;est l&rsquo;espace de <strong><span style=\"color: #008080;\">qui\u00e9tude<\/span> <\/strong>et de silence qui forme l&rsquo;arri\u00e8re plan du bruit mental incessant, il \u00ab habite \u00bb dans le silence entre deux mots, entre deux phrases.<\/p>\n<p style=\"padding-left: 30px;\">Le mental neutre jouit d&rsquo;une position \u00e9lev\u00e9e, son <strong><span style=\"color: #008080;\">regard est englobant et intuitif<\/span><\/strong>. Il vole avec les ailes de <strong><span style=\"color: #008080;\">la sagesse et de la compassion<\/span><\/strong>. Il est serein, calme, silencieux, immobile. On le d\u00e9signe aussi comme \u00e9tant le <span style=\"color: #800000;\"><strong>\u00ab mental m\u00e9ditatif \u00bb<\/strong><\/span>.<\/p>\n<p style=\"padding-left: 30px;\">Le yogi, s&rsquo;il cherche \u00e0 \u00e9quilibrer le mental positif et n\u00e9gatif, vise avant tout \u00e0 d\u00e9velopper et donner toute sa dimension au mental neutre, au-del\u00e0 des polarit\u00e9s. <strong><span style=\"color: #008080;\">Il devient ainsi l&rsquo;expression de l&rsquo;infini pour le b\u00e9n\u00e9fice de tous<\/span><\/strong>.<\/p>\n<p style=\"padding-left: 30px;\"><strong><span style=\"color: #008080;\">Pour le d\u00e9velopper une cl\u00e9 unique est propos\u00e9e<\/span> <\/strong>: la m\u00e9ditation.<\/p>\n<hr>\n<p><span style=\"font-size: 24pt;\">En vid\u00e9os, sur la cha\u00eene YouTube <span style=\"text-decoration: underline; color: #008080;\"><a style=\"color: #008080; text-decoration: underline;\" href=\"https:\/\/www.youtube.com\/channel\/UC6JVXwM88DsvYA7kf4RxFSg\" target=\"_blank\" rel=\"noopener noreferrer\">Yoga Ekongkar<\/a><\/span>&nbsp;:<\/span><\/p>\n<div class=\"mks_col \">\n<div class=\"mks_one_half \"><iframe loading=\"lazy\" src=\"https:\/\/www.youtube.com\/embed\/gJGEPsOcZi4?rel=0&amp;showinfo=0\" width=\"560\" height=\"238\" frameborder=\"0\" allowfullscreen=\"allowfullscreen\"><\/iframe><\/div>\n<div class=\"mks_one_half \"><iframe loading=\"lazy\" src=\"https:\/\/www.youtube.com\/embed\/SYJfASr3eqk?rel=0&amp;showinfo=0\" width=\"560\" height=\"238\" frameborder=\"0\" allowfullscreen=\"allowfullscreen\"><\/iframe><\/div>\n<\/div>\n<div class=\"mks_col \">\n<div class=\"mks_one_half \"><iframe loading=\"lazy\" src=\"https:\/\/www.youtube.com\/embed\/fH4-HcdQtfI?rel=0&amp;showinfo=0\" width=\"560\" height=\"238\" frameborder=\"0\" allowfullscreen=\"allowfullscreen\"><\/iframe><\/div>\n<div class=\"mks_one_half \"><iframe loading=\"lazy\" src=\"https:\/\/www.youtube.com\/embed\/60X26BjiRdk?rel=0&amp;showinfo=0\" width=\"560\" height=\"238\" frameborder=\"0\" allowfullscreen=\"allowfullscreen\"><\/iframe><\/div>\n<\/div>\n<div class=\"mks_col \">\n<div class=\"mks_one_half \"><iframe loading=\"lazy\" src=\"https:\/\/www.youtube.com\/embed\/5shZO2s6WdM?rel=0&amp;showinfo=0\" width=\"560\" height=\"238\" frameborder=\"0\" allowfullscreen=\"allowfullscreen\"><\/iframe><\/div>\n<div class=\"mks_one_half \"><iframe loading=\"lazy\" src=\"https:\/\/www.youtube.com\/embed\/suTuQPMTy5Y?rel=0&amp;showinfo=0\" width=\"560\" height=\"238\" frameborder=\"0\" allowfullscreen=\"allowfullscreen\"><\/iframe><\/div>\n<\/div>\n","protected":false},"excerpt":{"rendered":"<p>Les trois&nbsp;corps mentaux La psychologie et la psychanalyse occidentales d\u00e9finissent diff\u00e9rents degr\u00e9s dans le champ de la conscience: le conscient, le subconscient, le pr\u00e9conscient, l\u2019inconscient, le moi, le surmoi, etc Dans le Kundalini Yoga, on&nbsp;d\u00e9cline le mental en trois aspects: n\u00e9gatif, positif et neutre. Trois facettes du courant mental qui,&#8230;<\/p>\n<p> <a class=\"continue-reading-link\" href=\"https:\/\/ekongkar.yoga\/?page_id=1867\"><span>Lire la suite&#8230;<\/span><i class=\"crycon-right-dir\"><\/i><\/a> <\/p>\n","protected":false},"author":1,"featured_media":0,"parent":1623,"menu_order":0,"comment_status":"closed","ping_status":"closed","template":"","meta":{"footnotes":""},"class_list":["post-1867","page","type-page","status-publish","hentry"],"_links":{"self":[{"href":"https:\/\/ekongkar.yoga\/index.php?rest_route=\/wp\/v2\/pages\/1867","targetHints":{"allow":["GET"]}}],"collection":[{"href":"https:\/\/ekongkar.yoga\/index.php?rest_route=\/wp\/v2\/pages"}],"about":[{"href":"https:\/\/ekongkar.yoga\/index.php?rest_route=\/wp\/v2\/types\/page"}],"author":[{"embeddable":true,"href":"https:\/\/ekongkar.yoga\/index.php?rest_route=\/wp\/v2\/users\/1"}],"replies":[{"embeddable":true,"href":"https:\/\/ekongkar.yoga\/index.php?rest_route=%2Fwp%2Fv2%2Fcomments&post=1867"}],"version-history":[{"count":0,"href":"https:\/\/ekongkar.yoga\/index.php?rest_route=\/wp\/v2\/pages\/1867\/revisions"}],"up":[{"embeddable":true,"href":"https:\/\/ekongkar.yoga\/index.php?rest_route=\/wp\/v2\/pages\/1623"}],"wp:attachment":[{"href":"https:\/\/ekongkar.yoga\/index.php?rest_route=%2Fwp%2Fv2%2Fmedia&parent=1867"}],"curies":[{"name":"wp","href":"https:\/\/api.w.org\/{rel}","templated":true}]}}