{"id":1293,"date":"2016-07-10T09:41:08","date_gmt":"2016-07-10T07:41:08","guid":{"rendered":"http:\/\/ekongkar.yoga\/?page_id=1293"},"modified":"2016-07-10T09:41:08","modified_gmt":"2016-07-10T07:41:08","slug":"gobinde-moukande-oudare-apare-hariang-kariang-nirname-akame","status":"publish","type":"page","link":"https:\/\/ekongkar.yoga\/?page_id=1293","title":{"rendered":"Gobind\u00e9, moukand\u00e9, oudar\u00e9, apar\u00e9, hariang, kariang, nirnam\u00e9, akam\u00e9"},"content":{"rendered":"<p><strong><span style=\"color: #008080;\">Gobind\u00e9, moukand\u00e9, oudar\u00e9, apar\u00e9, hariang, kariang, nirnam\u00e9, akam\u00e9<\/span><\/strong><\/p>\n<p>Ces mots d\u00e9signent 8 aspects de Dieu : celui qui pourvoit \u00e0 tout, qui lib\u00e8re, qui \u00e9claire, qui est infini, qui d\u00e9truit, qui cr\u00e9e, qui est sans nom, qui est sans d\u00e9sirs.<\/p>\n<p style=\"padding-left: 30px;\"><em>Il est dit que ce mantra peut \u00e9liminer les&nbsp;blocages&nbsp;karmiques et les erreurs du pass\u00e9. C\u2019est un mantra de protection, un asht\u00e2nga mantra (en huit&nbsp;parties). YB dit que ce mantra suscite compassion et patience chez celui ou celle qui l\u2019utilise pour m\u00e9diter.<\/em><\/p>\n<table>\n<tbody>\n<tr>\n<td><iframe loading=\"lazy\" src=\"https:\/\/www.youtube.com\/embed\/bPc86lyCzqo\" width=\"420\" height=\"315\" frameborder=\"0\" allowfullscreen=\"allowfullscreen\"><\/iframe><\/td>\n<td>&nbsp;<\/td>\n<\/tr>\n<\/tbody>\n<\/table>\n<p style=\"text-align: center;\"><span style=\"color: #800000;\"><strong>A lire \u00e9galement:<\/strong><\/span><br \/>\n<a href=\"http:\/\/ekongkar.yoga\/?page_id=1034\">La science du Naad<\/a>&nbsp;\/&nbsp;<a href=\"http:\/\/ekongkar.yoga\/?page_id=1031\">Les mantras<\/a>&nbsp;\/&nbsp;<a href=\"http:\/\/ekongkar.yoga\/?page_id=1036\">Bij et Ashtang mantras<\/a>&nbsp;\/&nbsp;<a href=\"http:\/\/ekongkar.yoga\/?page_id=1037\">Les mantras et le livre Saint des Sikhs<\/a>&nbsp;\/&nbsp;<a href=\"http:\/\/ekongkar.yoga\/?page_id=1039\">Mantrath\u00e8que<\/a><\/p>\n","protected":false},"excerpt":{"rendered":"<p>Gobind\u00e9, moukand\u00e9, oudar\u00e9, apar\u00e9, hariang, kariang, nirnam\u00e9, akam\u00e9 Ces mots d\u00e9signent 8 aspects de Dieu : celui qui pourvoit \u00e0 tout, qui lib\u00e8re, qui \u00e9claire, qui est infini, qui d\u00e9truit, qui cr\u00e9e, qui est sans nom, qui est sans d\u00e9sirs. Il est dit que ce mantra peut \u00e9liminer les&nbsp;blocages&nbsp;karmiques et&#8230;<\/p>\n<p> <a class=\"continue-reading-link\" href=\"https:\/\/ekongkar.yoga\/?page_id=1293\"><span>Lire la suite&#8230;<\/span><i class=\"crycon-right-dir\"><\/i><\/a> <\/p>\n","protected":false},"author":1,"featured_media":0,"parent":1039,"menu_order":16,"comment_status":"closed","ping_status":"closed","template":"templates\/template-twocolumns-left.php","meta":{"footnotes":""},"class_list":["post-1293","page","type-page","status-publish","hentry"],"_links":{"self":[{"href":"https:\/\/ekongkar.yoga\/index.php?rest_route=\/wp\/v2\/pages\/1293","targetHints":{"allow":["GET"]}}],"collection":[{"href":"https:\/\/ekongkar.yoga\/index.php?rest_route=\/wp\/v2\/pages"}],"about":[{"href":"https:\/\/ekongkar.yoga\/index.php?rest_route=\/wp\/v2\/types\/page"}],"author":[{"embeddable":true,"href":"https:\/\/ekongkar.yoga\/index.php?rest_route=\/wp\/v2\/users\/1"}],"replies":[{"embeddable":true,"href":"https:\/\/ekongkar.yoga\/index.php?rest_route=%2Fwp%2Fv2%2Fcomments&post=1293"}],"version-history":[{"count":0,"href":"https:\/\/ekongkar.yoga\/index.php?rest_route=\/wp\/v2\/pages\/1293\/revisions"}],"up":[{"embeddable":true,"href":"https:\/\/ekongkar.yoga\/index.php?rest_route=\/wp\/v2\/pages\/1039"}],"wp:attachment":[{"href":"https:\/\/ekongkar.yoga\/index.php?rest_route=%2Fwp%2Fv2%2Fmedia&parent=1293"}],"curies":[{"name":"wp","href":"https:\/\/api.w.org\/{rel}","templated":true}]}}